9
-6
What is the value of -21 + 28 - (9 - 2)?
0
Calculate -6 + 8 + -2 - (-1 + 0).
1
What is the value of 4 + (-14 - -9) - (1 + 1)?
-3
What is -3 + (4 - 1) + 9 + -10?
-1
Calculate 127 + -133 - (-1 - (0 + 1)).
-4
What is 1 + (-4 - -7 - (-5 + 4))?
5
Calculate -11 + (12 - 0 - -7).
8
1 + 4 + (-12 - (4 - 6))
-5
What is 2 + 0 - ((-19 - -10) + 9)?
2
What is -29 + 32 + (-1 - 0)?
2
Evaluate 0 + -3 + -1 + (5 - -4).
5
(-46 - -40) + (11 - 0)
5
Calculate 3 + -2 + -4 + 2.
-1
Calculate (-1 - -4) + 196 + -208.
-9
8 + -1 + -21 + 18 + -6
-2
What is the value of (-10 - -3 - -1) + 0 + 1?
-5
What is the value of 11 + 10 + -12 + -9?
0
What is the value of (-4 - -2) + 14 + 14 + -21?
5
Calculate (-2 - 1) + 6 + -6 - -2.
-1
What is the value of 4 - 11 - -3 - -2?
-2
What is the value of 7 + 0 + -4 + 1?
4
(60 - 62) + -2 + 1 + 4
1
Evaluate -1 + -2 + 20 + -19 + -2.
-4
What is the value of -4 + -2 + -2 + 2 + 1?
-5
Evaluate (0 + 1 - -2) + 69 + -77.
-5
Evaluate (-2 - -2 - (2 + -2)) + 0.
0
0 + (3 - -1) + -16 + 13
1
What is (14 - (-11 + 18)) + -15?
-8
Calculate 82 + -87 - (0 + 0 + -5).
0
-2 - (-7 - -1 - -3)
1
What is the value of -2 + 1 + (3 - (-6 + 2))?
6
Calculate 16 + 7 + -14 - 7.
2
-20 + 6 + 19 - (4 + -1)
2
What is the value of (-5 - -15) + (-19 - -12)?
3
What is the value of -1 - ((1 - -3) + -5 + -7)?
7
What is the value of 26 + -13 + (-7 - (0 - 3))?
9
What is the value of (17 - 12) + -10 + 14?
9
0 - -1 - (-31 + 27)
5
What is -30 + 34 - (4 - (0 - -1))?
1
What is the value of (-4 - -6) + 15 + -17?
0
Evaluate 1 + (2 + 0 + -1 - 5).
-3
Evaluate -9 - -9 - (1 + -4).
3
Calculate 7 + -1 + 2 + -5.
3
Evaluate (6 + -1 - -1) + -4.
2
-4 + 12 + (-4 - 6)
-2
1 + (2 - 8 - -4)
-1
Evaluate -5 + -3 + 5 + 8 + -3.
2
Calculate -3 - (-6 + 0 - 2).
5
12 - (8 + (-9 - -8))
5
-27 - -23 - (-1 + -4)
1
What is -14 + 5 + -4 + 18?
5
What is 1 + -1 - (8 + -3)?
-5
Calculate -6 - 2 - (3 + -14 + -4).
7
What is -1 + (-3 + 2 + 2 - 4)?
-4
Calculate 4 + 6 + -16 + 2.
-4
What is the value of (2 - 3) + -22 + 18?
-5
0 - (2 + (-4 + 2 - -5))
-5
(4 - 14) + 8 - 5
-7
What is (-13 - -7) + 5 + 5 + 2?
6
Evaluate 1 + (1 - (8 - 0)).
-6
Calculate 4 + 3 + (5 - 9) + 3.
6
(-3 - -5 - -3) + 0
5
Calculate (25 - 13) + -5 + -4.
3
What is the value of 9 - 1 - (39 + -25) - -6?
0
12 + -8 - (8 - 2)
-2
Calculate -17 - -15 - (-2 + 0).
0
What is (-1 - 6) + -24 + 29?
-2
Evaluate 5 + -1 + -15 + 10.
-1
1 + 0 - (-35 - -33)
3
0 - (3 + (-1 - -3) - 1)
-4
What is -4 - 9 - 0 - (2 + -9)?
-6
What is 7 + (1 - (0 - -3))?
5
(1 - -2) + (-10 - -5) - -6
4
What is the value of 17 - (13 - (7 - 3))?
8
Calculate (-2 - -5) + -2 - (-2 - 2).
5
What is the value of 8 - 5 - 16 - -7?
-6
What is the value of 4 + -1 + (-4 + -9 - -5)?
-5
1 + 4 - (-14 - -16 - -2)
1
Calculate 1 - (5 + 1) - -5.
0
What is the value of -6 - ((1 - 5) + 3)?
-5
5 - (0 + -3 + (9 - 4))
3
(36 - 27) + 1 + -2 + 0
8
-1 - 2 - (46 - 49)
0
What is the value of (-4 - 0) + 9 + -1?
4
What is the value of -9 + 4 - (-14 + 3 + 6)?
0
What is -7 - (-7 - (2 - 12))?
-10
What is the value of (14 - 6) + -3 + -3 + 1?
3
-4 + ((3 - 0) + -3 - -3)
-1
What is 4 + -13 + (8 - -1)?
0
Evaluate (1 - 3) + (-2 - -5 - 3).
-2
(0 - (-1 + 3 + -2)) + -1
-1
What is -5 + 0 + (-1 - (-4 + -1))?
-1
Calculate -7 + 5 - (-6 - 1 - -5).
0
What is the value of -23 + 27 + (-2 - (-6 - -3))?
5
Evaluate 1 - (-2 + (2 - 2) + 1).
2
0 + (-2 - -3) + (3 - 4)
0
Calculate -13 - (-2 + (11 - 12)).
-10
Calculate (-2 - -10) + -3 + -4 + 4.
5
-5 + 2 + (-1 - (0 + 1))
-5
What is the value of 0 - 0 - (5 + -3 + 3)?
-5
Evaluate 3 - (3 + 3 + -3).
0
What is the value of (6 - (4 - 4)) + 17 + -16?
7
What is the value of -2 - (-1 - -1) - (2 + -1)?
-3
What is the value of -3 + 9 + -3 + -2?
1
What is the value of -9 + (12 - 3) + 1?
1
Evaluate (-2 - 0 - -2) + 2 + 1.
3
(4 - (4 - 1)) + -2
-1
11 - (-8 + -2 + 31)
-10
Evaluate 0 + (4 + 0 + 3 - 6).
1
8 + 1 + (54 - 65)
-2
What is the value of 7 + -11 + (-1 - (0 + -7))?
2
Calculate 2 - 2 - 1 - -1.
0
What is the value of -16 + 1 + 18 - (5 + 1)?
-3
What is -7 + 1 - (-9 - -7)?
-4
What is (1 - -1) + -2 + 8 + -1?
7
What is the value of (5 - (2 - -3)) + -2?
-2
What is -87 - -89 - (0 - 6)?
8
-1 + 7 + 9 + -14 + 3
4
What is the value of (-2 - -5 - -1) + -4 + 2?
2
-2 + (-7 - -1) - (-11 + 0)
3
What is -3 + (-1 - (4 - 4))?
-4
What is 0 + 4 + -6 - -4?
2
Calculate 16 + 1 + -1 + (-31 - -23).
8
Calculate (5 - -5) + (-25 - -12).
-3
Calculate -1 + 0 + -5 + 4.
-2
Calculate 2 - 3 - (2 - (-2 + 9)).
4
What is (0 - -10) + (3 - 9)?
4
Evaluate -6 + (7 - -5 - 4) - -7.
9
Evaluate 7 + -2 + 4 + -6 + -1.
2
What is the value of -2 + (-2 - 2) - -2?
-4
What is 3 - (7 - 1 - (1 + 1))?
-1
Calculate (5 + -3 - -3) + -3.
2
Calculate 1 - 1 - (3 - 5).
2
What is 1 + 0 - (-25 + 34)?
-8
7 + 8 + -11 + -10
-6
Evaluate -5 + (5 - -5) + -5.
0
What is 3 - (2 - (-2 + 6))?
5
What is the value of (7 - (4 - (3 - 6))) + 7?
7
Calculate -10 + 14 + -8 - -5.
1
What is the value of 1 - -8 - (11 + 0 + -9)?
7
What is the value of -14 + 16 + -9 + 10?
3
Calculate 2 + -15 + 16 + -4.
-1
What is -1 + -11 - (14 + 5 + -23)?
-8
8 + (2 - 6) + 0 - 3
1
What is -3 + 1 + 4 + -4 + -3?
-5
-12 - (7 + -2 - 12)
-5
What is the value of -1 - 2 - -1 - (-3 + 1)?
0
What is 0 + -1 - (15 - 8)?
-8
Calculate -1 + -7 - (37 + -38).
-7
What is the value of (7 - (2 + 12)) + 19 + -5?
7
What is the value of 0 + 1 + -10 + 4?
-5
Evaluate -7 + 4 + 2 + 1 + 1.
1
1 + -5 + 7 + -3
0
Evaluate 4 + 1 + (-7 - (5 + -2)).
-5
Evaluate 1 - (1 - (-1 + 0 + 0)).
-1
(3 - 1 - 0) + (10 - 8)
4
What is -13 + 5 - (6 - 16)?
2
Evaluate 2 - -1 - (-4 - (5 + -11)).
1
What is -1 + (-3 - 0 - (-6 + 5))?
-3
What is 2 - 0 - 1 - -2?
3
What is the value of (5 + -2 + -1 - 3) + 0?
-1
Evaluate 9 + (-5 - (9 + -11)).
6
What is (0 - -1) + 0 - (9 + -13)?
5
What is the value of 2 - (-3 - (0 - -2 - 3))?
4
13 - 4 - (-4 - 1 - -11)
3
What is the value of -1 + 1 + 6 - 4?
2
Evaluate 5 + 1 + -1 - 3.
2
Evaluate -11 - -7 - (2 - (-1 - -3)).
-4
Calculate -13 - -21 - (-2 - (-3 - -1)).
8
Calculate (-10 + 13 - (1 + 1)) + 4.
5
Calculate -1 + 1 + 1 - (-10 - -14).
-3
What is -1 - ((6 - (-1 - -4)) + -5)?
1
Evaluate (12 - 14 - (0 - -4)) + -2.
-8
What is the value of (0 - 1) + 1 + -3 + -2?
-5
What is 2 + (4 - (-3 + 13) - -3)?
-1
Evaluate 5 - (7 - 8) - 7.
-1
What is 8 + (-1 - (8 - 3))?
2
Evaluate 10 + -2 + (-23 - -23).
8
What is the value of -7 - -5 - (0 - -5) - -3?
-4
Calculate -2 - (3 + -8 - -4).
-1
What is 2 + (4 - 5 - -2)?
3
Evaluate 4 - (5 + (-1 - -2 - 3)).
1
What is the value of (2 - -10) + -8 + 2?
6
Evaluate -3 - (-1 + 2) - (3 + -4).
-3
Calculate (-1 - -1 - -3) + 2.
5
What is 9 + -2 - (4 - (-1 + -1))?
1
Evaluate -4 + -4 + 4 + -3 - -4.
-3
What is 1 + -5 - (0 + 1)?
-5
Calculate -7 - -4 - 9 - -10.
-2
What is the value of 0 - (-4 - (-6 - (7 + -9)))?
0
4 - 4 - 3 - (7 + -9)
-1
Evaluate 1 + -2 + 5 + -6.
-2
Evaluate 16 + -7 + (-5 - 2) - 5.
-3
What is 14 + 0 + (1 - 8)?
7
What is the value of -1 - -11 - (-210 + 223)?
-3
Evaluate -1 + 4 + (-7 - (-12 + 6)).
2
What is (2 - 4) + 3 + -5 + 3?
-1
Evaluate -3 + (-2 - (1 + -1 + -11)).
6
What is the value of -2 - (58 + -57 + -6 + -1)?
4
Calculate 7 + (5 - 5) + (5 - 6).
6
What is (-4 - (-9 + 6)) + -3?
-4
Calculate -12 + (3 - -11) - (5 + -1).
-2
Evaluate (-11 + 8 - -6) + -6.
-3
Evaluate -2 - -10 - (35 + -21).
-6
Calculate 5 + -3 + -2 + 5 - 1.
4
0 - (0 - 3 - -5)
-2
What is 1 - 4 - -7 - 3?
1
-8 - -16 - (-1 + 7)
2
7 + (-1 + -6 - (-2 - -5))
-3
2 + (5 + -1 - (12 - 10))
4
What is 2 + (-1 - -1 - 4)?
-2
Calculate -5 + 0 + (-5 - -10).
0
Evaluate -3 - -4 - (-4 - -8).
-3
What is 1 - -5 - (6 + -1)?
1
-7 + (-3 - -3 - -4)
-3
What is 48 + -43 - (-2 + 15 - 1)?
-7
What is the value of -10 + (32 + -9 - 10)?
3
What is 1 + 2 + 0 + -4?
-1
-11 - (3 + 10 + -31)
7
What is -10 - -2 - (42 - 46)?
-4
2 - 2 - 5 - -2
-3
Evaluate 5 + (-1 - (-2 - -3)) - 5.
-2
Calculate (4 - (9 - 5)) + -2 + 1.
-1
What is the value of -4 - 0 - -3 - (0 - 1)?
0
Calculate 1 - 0 - (5 - (-6 - -9)).
-1
What is 5 + (1 - 3) + 2 + -1?
4
Calculate -8 + 5 - -4 - 1.
0
What is (23 - 23) + -5 + 0?
-5
(10 - 9 - -9) + -4
6
What is 5 + (-5 - -2) + 0?
2
What is 1 - (-1 - 1) - 7 - 1?
-5
Evaluate 15 + -21 + -9 - -5.
-10
(-13 - (-8 - 16)) + -10
1
What is (5 - 7) + (-1 - -5)?
2
What is 21 - 0 - 4 - 12?
5
What is 9 + -9 - (-2 - 2)?
4
-2 + 13 - (62 - 45)
-6
Evaluate 7 + -2 - (-3 + 8 - -2).
-2
What is the value of -26 + 18 - (-